4*a - 13, -3*a = -0*o + o - 13. Let l(j) = j**2 - 4*j - 3. Let w be l(a). What is the units digit of (w - -1)/((-2)/23)?
3
Suppose 6 = i + 3. Let c(o) = i*o**2 - 12 - 2*o**3 + 3*o**3 + 5*o**2 + 3*o. What is the tens digit of c(-6)?
4
Suppose -17*y + 1126 = -15*y + p, 5*y - 3*p - 2804 = 0. What is the units digit of y?
2
Let b(c) = 12*c**2 + 13*c - 4. What is the tens digit of b(-8)?
6
Suppose 19107 = 21*q - 12960. What is the units digit of q?
7
Suppose 4*n + 12 = 7*n. Suppose n*t - 11*t + 917 = 0. What is the tens digit of t?
3
Suppose -v = -5 - 0. Suppose 206 = s + 3*k, v*k - 159 - 41 = -s. What is the hundreds digit of s?
2
Suppose -13*v = -17683 - 9214. What is the tens digit of v?
6
Suppose 10*i - 2*y = 6*i + 1480, 0 = -2*i + 3*y + 732. What is the hundreds digit of i?
3
Let d(n) be the third derivative of -n**4/6 - 3*n**3 + 2*n**2. What is the units digit of d(-12)?
0
What is the hundreds digit of (5/(-4))/((20/3104)/(-5))?
9
Let f = 0 - -8. Suppose -4 = f*v - 9*v. What is the units digit of 166/v - 9/6?
0
Suppose 4*t - 55 = -5*m, -4*t + 90 = -7*m + 5*m. Let a = 159 - t. What is the hundreds digit of a?
1
Suppose -s - 4 = -3*s. Let a(y) = 18*y**2 - y. Let n be a(s). Suppose -n = -5*z + 20. What is the tens digit of z?
1
Let n(z) = 3*z**2 + 10*z + 37. Let h be n(-9). Let t = 332 - h. What is the hundreds digit of t?
1
Let j = -1025 + 2758. What is the tens digit of j?
3
Let h = -61 + 138. Let g be 4/22 - (-448)/h. Suppose 0 = p + g - 12. What is the units digit of p?
6
Suppose 452 = 2*u + v - 0*v, 2*v = 4*u - 888. What is the tens digit of u?
2
Let r = 42 + -82. Let v be (-2)/(-8) + (-750)/r. Suppose 0 = 3*c - v - 53. What is the tens digit of c?
2
Let u(m) = -m + 1. Let q(z) = -z**3 - 6*z**2 - 5. Let g(v) = -q(v) - 2*u(v). What is the units digit of g(-4)?
7
Suppose 400 + 220 = 5*a. Suppose 0 = 3*n - 4*n - 4*t + a, -3*n + 344 = 5*t. Suppose -h = -5*h + n. What is the tens digit of h?
2
Let p = 97 + -202. Let q = p - -121. What is the tens digit of q?
1
Suppose 0 = 5*k - 15, 4 = 2*a - 3*k + 9. Let j(q) = q**3 - 1. Let i(s) = -s**2 + 1. Let l(p) = 2*i(p) + 2*j(p). What is the units digit of l(a)?
8
What is the units digit of 10/3*(-43884)/(-265)?
2
Suppose 3*l = 3*d + 309, 2*l + 3*l - 3*d = 507. What is the tens digit of ((-20)/(-15))/(2/l)?
6
Let z(b) = -2*b + 8. Suppose 0 = 3*t + 2*t. Suppose 4*y + t*y + 24 = 0. What is the tens digit of z(y)?
2
Let g be ((-116)/10)/((-12)/300). Suppose -3*q + g = 53. What is the tens digit of q?
7
Let s(p) = 98*p**2 + 58*p - 348. What is the hundreds digit of s(6)?
5
Suppose -15*o + 30*o = 8775. What is the units digit of o?
5
Suppose 0 = -3*m + 3*w - 0*w + 60, -2*m = -4*w - 36. Suppose l - m = -3*p, l = -2*p + 11 + 5. What is the units digit of (-4)/p + 128/12?
0
Let m(i) = i**3 - i**2 - 5*i + 2. Let q be m(3). Suppose -4*n - q*a + 276 = -123, 2*n - 202 = -2*a. What is the tens digit of n?
0
Let h(n) = 3*n - 1. Let a be h(1). Suppose a*w + 3*w = 445. Suppose 2*p - w = -3*t, -23 = -4*p - 7. What is the tens digit of t?
2
Suppose -27*t + 71 = -28*t. Let n = -35 - t. What is the tens digit of n?
3
What is the units digit of (16/8)/(((-10)/(-69))/5)?
9
Suppose o - 9 = c, c - 2*c - 5 = 0. Suppose 0 = 4*z - 0 - 8. Suppose z = o*n - 30. What is the units digit of n?
8
Let u be (1 + -1 + 1)/((-6)/(-36)). Suppose 2*p - 656 = -u*p. What is the units digit of p?
2
Suppose 0 = -30*y + 67*y - 73630. What is the thousands digit of y?
1
Suppose -8821 = -5*a + 5214. What is the hundreds digit of a?
8
Suppose 0*j = 5*d - j - 26, -6 = -d + j. Suppose -7*i + 3*i = 5*w - 263, 0 = -d*w + 5*i + 245. What is the units digit of w?
1
Suppose u - 5*y = 383, -6*u - 5*y = -u - 1825. Suppose 5*i = u + 62. What is the units digit of i?
6
Let h be 20/(-50) - (-2566)/(-10). Let z = -135 - h. What is the hundreds digit of z?
1
Let x(y) be the first derivative of -9 + 3/2*y**2 - 3*y - 1/4*y**4 + 17/3*y**3. What is the tens digit of x(17)?
4
Let o(r) = r**3 + 12*r**2 - 14*r - 9. Let i be o(-13). Suppose -f + i*f = 198. What is the units digit of f?
6
What is the tens digit of 48/8 - (-479)/1?
8
Let q(j) be the third derivative of j**4/3 - 27*j**3/2 - 3*j**2. What is the units digit of q(15)?
9
Let q = 2784 - 728. What is the units digit of q?
6
Let n(y) = y**2 - 7*y + 10. Let j be n(7). What is the units digit of 2/3 - j/(-3)?
4
Let v = 668 + -141. What is the units digit of v?
7
Let m be (-8)/(4/(0 + -2)). Let x = -4 + m. What is the tens digit of -3 + x + 31 + -2?
2
Suppose 6*u = 2*u + 540. What is the units digit of (-3)/((-5)/u*3)?
7
Suppose -2*c + 8 = 10. Let n be (3/12)/(c/(-8)). Suppose n*i = 3*i - 48. What is the tens digit of i?
4
Let g(l) = l + 15. Let y(p) = p**3 - 5*p**2 - 4*p - 4. Let z be y(6). What is the units digit of g(z)?
3
Let y = -349 - -528. What is the units digit of y?
9
Suppose c - 4 = w, 0 = -2*w + 3*c + c - 16. Suppose 4*i - 234 = -5*m, w*i + 2*m = 3*i - 164. What is the tens digit of i?
5
Let p = 22 + -20. Suppose p*w - 6*w = 0. Suppose w = 6*s - 4*s - 86. What is the tens digit of s?
4
Let c(i) = -i**3 + i + 19. Let f = 4 + -4. Let v be f/(-1 + 5 - 3). What is the tens digit of c(v)?
1
Suppose m - 6 = -0*m - 3*q, 3*m + 5*q = 18. Let x(v) be the second derivative of -v**5/20 + v**4/2 + v**3/3 - 3*v**2 + 2*v. What is the units digit of x(m)?
6
Let i = -936 - -1424. What is the units digit of i?
8
Let z = 1345 + 2130. What is the units digit of z?
5
Let p = 20 + -22. Let w be 0 - (4 + -5) - p. What is the units digit of w/2*96/18?
8
Suppose -1540 = -j + 1780. What is the units digit of 2/(-10) - j/(-100)?
3
Let t = -15 - -86. Suppose b - 62 = t. What is the hundreds digit of b?
1
Let w = 6772 + -4205. What is the units digit of w?
7
Let j(a) = -12*a - 24. Let c(i) = -3*i**3 + 5*i**2 - 7*i + 3. Let t be c(2). What is the tens digit of j(t)?
5
Suppose 0*x + 27 = 9*x. Suppose -5*y + 40 = -x*y. What is the units digit of y?
0
Let q(g) = 16*g**2 + 11*g**2 - 53*g - 54 + 12*g**2 - 41*g**2. What is the hundreds digit of q(-22)?
1
Let n(d) = -d**2 - 17*d + 8. Suppose -h = -2*v + 6 + 21, 3*h = 2*v - 61. What is the units digit of n(h)?
8
Suppose 5*h = 2*h + 3. What is the tens digit of 8 + -10 - 1*-62*h?
6
What is the tens digit of 6/24 - 1/(12/(-1893))?
5
Let k(u) = 110*u - 390. What is the tens digit of k(8)?
9
Suppose -5*b + 21 + 4 = 0. Let r(i) = -i**3 - 11*i**2 - 11*i - 8. Let t be r(-10). Suppose b*m - t*m = 42. What is the units digit of m?
4
Suppose 2*s = -u + 28, -3*u + s + 100 = -s. Suppose 30*g - u*g + 52 = 0. What is the units digit of g?
6
Let u = 24 - -117. Suppose 5*w - u = -3*p, -p + 4*p = 2*w + 120. What is the tens digit of p?
4
Let q(i) = -6*i - 5. Let j be q(-3). Let g be 4/(-10)*(j - 48). What is the tens digit of (80/(-28))/((-2)/g)?
2
Let c(n) = -n**3 - 8*n**2 + 10*n - 23. Let f be c(-11). Suppose -3*i - 173 = -4*b, -5*b = 4*i - 25 - f. What is the tens digit of b?
4
Suppose 6*s = 4*s + 2*c + 1366, -5*s + 3365 = 5*c. Suppose -s = -14*t + 11*t. What is the units digit of t?
6
Suppose 3*b + 182 = -2*x, x - 5*x + 274 = -5*b. Let z = b - -101. Let h = 7 + z. What is the tens digit of h?
5
Let p be (-540)/(-2)*(-10)/(-25). Suppose -2*n = 2*n - p. What is the tens digit of n?
2
Let x(m) = -m**2 - m - 2. Let s be x(0). Let o be (-199)/(-5) - s/10. Let k = o - 6. What is the tens digit of k?
3
Let r(n) be the first derivative of 5*n**3 - n**2 - 3*n - 2. What is the tens digit of r(-1)?
1
Let b(y) = y**3 + 9*y**2 + 12*y - 14. Let m be b(-7). Suppose -2*o + 10 = m, -4*l = 5*o - 711 + 290. What is the tens digit of l?
9
Suppose 2*j + t - 137 = 0, 2*t = -j + 3*t + 64. Suppose -1 = w + 2*u, -2*u + 3 = 2*w + 1. Suppose -j = w*p - 187. What is the tens digit of p?
4
Let g(l) = 59*l + 198. What is the thousands digit of g(18)?
1
Suppose 3*v = -6, 5*o = -6*v + 4*v + 6. Suppose 0 = 2*n + 4 + o. Let z(h) = -10*h + 1. What is the units digit of z(n)?
1
Let f be 0/8 + (-2 - -191). Let y = f + -140. What is the tens digit of y?
4
Suppose 0 = 5*j + 3*a - 46, 0 = -5*a + 2*a + 6. Let x(d) = d - 3. Let b be x(j). What is the tens digit of (-76)/(-1) - (b + -5)?
7
Let m(d) = -d**2 + 8*d + 3. Let c be m(7). Suppose -4*b - c = -9*b. What is the units digit of b?
2
Suppose -2*x - 668 = 11*q - 15*q, -3*x = 4*q - 678. What i